{"id":119,"date":"2016-08-10T12:53:42","date_gmt":"2016-08-10T10:53:42","guid":{"rendered":"https:\/\/hosting153577.a2ed3.netcup.net\/?page_id=119"},"modified":"2024-02-03T18:28:48","modified_gmt":"2024-02-03T17:28:48","slug":"aktuell","status":"publish","type":"page","link":"https:\/\/hosting153577.a2ed3.netcup.net\/","title":{"rendered":"\u00bbVerein B\u00fcrgergalerie hat R\u00e4ume<br>an der Esplanade gek\u00fcndigt\u00ab"},"content":{"rendered":"<p>Todesf\u00e4lle, die Neuausrichtung pers\u00f6nlicher Pl\u00e4ne und Ver\u00e4nderungen auf dem Gel\u00e4nde haben jetzt dazu gef\u00fchrt, dass der Tr\u00e4gerverein der B\u00fcrgergalerie die R\u00e4ume zum Ende vergangenen Jahres an der Esplanade gek\u00fcndigt hat.<br \/>\n2001 oder 2002 \u2013 ganz genau ist das nicht zu ermitteln \u2013 gr\u00fcndete Egon Blitza die B\u00fcrgergalerie. Ziel war es, f\u00fcr Kunst und Kultur einen Ort im Vicelinviertel zu schaffen. Zusammen mit der fr\u00fcheren Stadtt\u00f6pferin Karina Klamp organisierte er viele Ausstellungen mit K\u00fcnstlern vor allem aus Schleswig-Holstein.<br \/>\nIn 2011 wurde schlie\u00dflich der Verein B\u00fcrgergalerie Neum\u00fcnster gegr\u00fcndet, um die Arbeit auf zus\u00e4tzliche Schultern zu verteilen. Seitdem gab es jeweils f\u00fcnf bis zehn Kunst-Ausstellungen pro Jahr und auch immer einmal wieder Konzerte oder Lesungen. Regelm\u00e4\u00dfig war die B\u00fcrgergalerie Ausstellungsort im Rahmen des Kunstfleckens. Zuletzt fanden hier die Ausstellungen f\u00fcr das Westphalen-Stipendium sowie die im Rahmen des Wettbewerbs \u201eKunst schaffen in Neum\u00fcnster\u201c statt.<br \/>\nDann kam die Corona-Zeit, die zum Erliegen des Ausstellungsbetriebs f\u00fchrte. Die Neuaufstellung war eingeleitet worden. Aber der Tod des Glaskunsthandwerkers Antonius Alex hinterlie\u00df eine zu gro\u00dfe L\u00fccke, hinzu kamen Ver\u00e4nderungen auf dem Gel\u00e4nde.Der Verein stellte deshalb zum Ende des vergangenen Jahres die Ausstellungsaktivit\u00e4ten ein und k\u00fcndigte die R\u00e4ume an der Esplanade. Die Vereinsmitglieder bedanken sich f\u00fcr die sch\u00f6ne Zeit bei allen Unterst\u00fctzern, Besuchern und K\u00fcnstlern.<\/p>\n","protected":false},"excerpt":{"rendered":"<p>Todesf\u00e4lle, die Neuausrichtung pers\u00f6nlicher Pl\u00e4ne und Ver\u00e4nderungen auf dem Gel\u00e4nde haben jetzt dazu gef\u00fchrt, dass der Tr\u00e4gerverein der B\u00fcrgergalerie die R\u00e4ume zum Ende vergangenen Jahres an der Esplanade gek\u00fcndigt hat. 2001 oder 2002 \u2013 ganz genau ist das nicht zu ermitteln \u2013 gr\u00fcndete Egon Blitza die B\u00fcrgergalerie. Ziel war es, f\u00fcr Kunst und Kultur einen &hellip; <a href=\"https:\/\/hosting153577.a2ed3.netcup.net\/\" class=\"more-link\"><span class=\"screen-reader-text\">\u201e\u00bbVerein B\u00fcrgergalerie hat R\u00e4ume<br \/>an der Esplanade gek\u00fcndigt\u00ab\u201c<\/span> weiterlesen<\/a><\/p>\n","protected":false},"author":2,"featured_media":0,"parent":0,"menu_order":0,"comment_status":"closed","ping_status":"closed","template":"","meta":{"_crdt_document":"","footnotes":""},"class_list":["post-119","page","type-page","status-publish","hentry"],"_links":{"self":[{"href":"https:\/\/hosting153577.a2ed3.netcup.net\/index.php?rest_route=\/wp\/v2\/pages\/119","targetHints":{"allow":["GET"]}}],"collection":[{"href":"https:\/\/hosting153577.a2ed3.netcup.net\/index.php?rest_route=\/wp\/v2\/pages"}],"about":[{"href":"https:\/\/hosting153577.a2ed3.netcup.net\/index.php?rest_route=\/wp\/v2\/types\/page"}],"author":[{"embeddable":true,"href":"https:\/\/hosting153577.a2ed3.netcup.net\/index.php?rest_route=\/wp\/v2\/users\/2"}],"replies":[{"embeddable":true,"href":"https:\/\/hosting153577.a2ed3.netcup.net\/index.php?rest_route=%2Fwp%2Fv2%2Fcomments&post=119"}],"version-history":[{"count":88,"href":"https:\/\/hosting153577.a2ed3.netcup.net\/index.php?rest_route=\/wp\/v2\/pages\/119\/revisions"}],"predecessor-version":[{"id":1501,"href":"https:\/\/hosting153577.a2ed3.netcup.net\/index.php?rest_route=\/wp\/v2\/pages\/119\/revisions\/1501"}],"wp:attachment":[{"href":"https:\/\/hosting153577.a2ed3.netcup.net\/index.php?rest_route=%2Fwp%2Fv2%2Fmedia&parent=119"}],"curies":[{"name":"wp","href":"https:\/\/api.w.org\/{rel}","templated":true}]}}